the remainder when z is divided by 21?
20
Let x(w) = 2*w + 4. Let u be x(-6). Let g = 23 + u. Calculate the remainder when g is divided by ((-2)/5)/(1/(-15)).
3
Suppose 4*f = 2*f + 4. Suppose 4 = -4*b + f*b. Let v = 0 - b. What is the remainder when 4 is divided by v?
0
What is the remainder when (2 - (-14)/(-8)) + 804/48 is divided by 5?
2
Let f be 4/(-1 - 21/(-15)). Let h = -7 + f. Calculate the remainder when (-2 + h)/1*2 is divided by 2.
0
Let o(n) = -n**3 + 5*n**2 + 2. Calculate the remainder when 5 is divided by o(5).
1
Suppose 0*n + 65 = 5*n. Let a = -5 - -3. Let u = a + 39. What is the remainder when u is divided by n?
11
Suppose -5 = -4*q + 3*q + 3*v, 0 = -q + 4*v + 9. Let y be 102/(q/(21/(-6))). Suppose 2*m = -m + y. What is the remainder when m is divided by 9?
8
Let o = -11 - -19. Let z = 40 + -35. What is the remainder when o is divided by z?
3
Let i = 122 - 82. Calculate the remainder when 119 is divided by i.
39
What is the remainder when 58 is divided by 3/(1 - 2) - -23?
18
Let j be (24/(-16))/(3/(-8)). Suppose 0 = -i + j*i - 9. Calculate the remainder when 7 is divided by i.
1
Suppose 335 = 6*b - 67. What is the remainder when 333 is divided by b?
65
Suppose q - 6 = -3*v, v + 2 = -4*q + 15. Suppose -2*o + 3 = -q, -2*w - o = -27. What is the remainder when 22 is divided by w?
10
Suppose 3*q - 26 = 2*x, 0*x - x + 2 = 0. Calculate the remainder when 38 is divided by q.
8
Suppose 12 + 0 = -4*f, 26 = -c + 2*f. Let g = c + 60. Suppose -4*m + i = m - g, 2*i = 3*m - 14. What is the remainder when m is divided by 4?
2
What is the remainder when 50 is divided by 4/(4/11)*1?
6
Suppose 4*i - 292 = -4*k, k - 13 - 64 = i. What is the remainder when k is divided by 20?
15
Suppose 2*f - 5*b + 9 = -1, 0 = -4*f + 5*b - 10. Suppose 40 = -f*i + 4*i. What is the remainder when 39 is divided by i?
9
Suppose -2*h = -3*h + 4*d + 55, 0 = 5*h + 4*d - 203. What is the remainder when 126 is divided by h?
40
Let f = 0 - -7. Calculate the remainder when 2/((-2)/(-95)*5) is divided by f.
5
Suppose i = 4*y - 434, 2*i - 3 = 1. Calculate the remainder when y is divided by 11.
10
Suppose 2*b - 4 = -2*f, 0*b - b = 5*f + 18. What is the remainder when (-8)/10*3*-5 is divided by b?
5
Suppose 8 = -2*s - 4. Calculate the remainder when (284/s)/(4/(-6)) is divided by 24.
23
Let s be (-1 - 0/(-2)) + -12. Let g be (-2)/3*(-483)/(-14). Let c = s - g. What is the remainder when 18 is divided by c?
8
Suppose -74*k + 71*k + 9 = 0. Calculate the remainder when 11 is divided by k.
2
Let d(v) = v**2 - 2*v - 11. Let s be d(5). Suppose 13 = s*g - 7, -26 = -2*r + 2*g. Calculate the remainder when r is divided by 4.
2
Let j(q) = -q**2 - 11*q + 15. Calculate the remainder when j(-11) is divided by 9.
6
Let o(y) = 16*y - 4*y + 15*y - 3 - 6*y. Calculate the remainder when o(2) is divided by 14.
11
Let k = 7 - 3. Let q(y) = 5*y**3 + 0*y**3 - 2*y - k*y**3 + 5*y**2 - 4. Calculate the remainder when q(-4) is divided by 7.
6
Let q(m) be the first derivative of -m**2/2 + 21*m + 3. Calculate the remainder when q(0) is divided by 11.
10
Suppose 3*r + 4*m + 5 = 3, 0 = 3*r + 3*m. Suppose 3*t - 6*l = -2*l + 27, -5*t + 45 = -r*l. Suppose 3*x = -x + 64. What is the remainder when x is divided by t?
7
Suppose -3*c = -5*x + 95 + 95, 0 = -5*c. Let v = x - 22. Let p(z) = -z + 41. Calculate the remainder when p(11) is divided by v.
14
Suppose -6*u + u = 5*d - 130, 0 = d - 4*u - 41. Calculate the remainder when d is divided by 15.
14
Let p = 22 - 23. What is the remainder when 19 is divided by p/(1/(-7)) - 0?
5
Let u(l) = -l**3 + 2*l + 2*l**3 + 3 - 4 - 9*l**2 + 2. What is the remainder when u(9) is divided by 7?
5
Suppose -4*b = -b. Suppose b = h - 0*h. Calculate the remainder when 58 is divided by h + 0 - -4*5.
18
Suppose 9*b - 30 = 6. Let r = 32 - -18. Suppose 2*c - 7*c = -r. What is the remainder when c is divided by b?
2
Let z = 15 + -12. Calculate the remainder when 4 is divided by z.
1
Let i be ((-24)/15 - -2)*5. What is the remainder when 55 is divided by 21 - (3 - i)*2?
17
Suppose n + 97 = 2*a, -4*a + 203 = -0*a + n. Suppose -3*g - 3*q - 2*q = -a, 0 = -5*g + 4*q + 145. What is the remainder when 99 is divided by g?
24
Let i(m) = -m**3 + 10*m**2 + 4. Let x be i(10). What is the remainder when 23 is divided by x/14 - 108/(-14)?
7
Suppose 4*c + 4 = -4*b - 8, 3*b = -2*c - 3. Let a(u) = 2*u**2 + 7*u - 4. Calculate the remainder when a(c) is divided by (-2)/(-5) - (-132)/20.
5
Suppose -3*j = j - 64. Suppose -4*h - 28 + 12 = 0. What is the remainder when 31/(-2)*(h + 2) is divided by j?
15
Suppose -4*n + 29 = -15. Calculate the remainder when n is divided by 7.
4
Suppose h = -3*k + 26, -5*h - k + 59 = -29. Calculate the remainder when h is divided by (-63)/(-9) + 1/(-1).
5
Let h(y) = -y + 3. Let l be h(7). Calculate the remainder when 300/8 + (-2)/l is divided by 13.
12
Let b(h) = h**2 - 5*h + 8. Let y be b(4). Suppose -3*k + v + y = 0, -6*k + 4 = -k - 3*v. Calculate the remainder when 8 is divided by k.
0
Let b = 21 + -19. Suppose -b*q - 2*q + 112 = 0. Calculate the remainder when q is divided by 10.
8
Let c(a) = -a**3 - 15*a**2 - 13*a + 16. What is the remainder when 9 is divided by c(-14)?
1
Suppose 40 = 5*l - 3*h, -l + 4*l = -h + 10. Let a = 12 - 7. Suppose 2*t - 12 = -a*c + 11, 4*c - 38 = -3*t. What is the remainder when t is divided by l?
4
Let n(a) = a**2 - 7. Let p(k) = k**2 - 5*k. Let j be p(3). Suppose -200 = 13*m - 33*m. What is the remainder when n(j) is divided by m?
9
Let m = -2 + 17. What is the remainder when 44 is divided by m?
14
Let w = 7 + -3. Suppose -174 = -w*c + x, 3*x = 3*c + 71 - 206. What is the remainder when c is divided by 15?
13
Suppose q = x - 20, -41 = -4*x + 3*q + 42. Calculate the remainder when 229 is divided by x.
22
Calculate the remainder when 0 - 32/8*11/(-4) is divided by 1/(2/24*2).
5
Let f(v) = -v**2 + 23*v - 25. Calculate the remainder when 59 is divided by f(21).
8
Let i = -25 + 44. Calculate the remainder when 56 is divided by i.
18
Suppose -3*q + q = -14. Calculate the remainder when 17 is divided by q.
3
Calculate the remainder when (-2320)/(-56) - 2/(-28)*-6 is divided by 11.
8
Let d(o) = o**3 - 5*o**2 + 3*o + 3. Let s be d(4). Let y(n) = 17*n**2 + n + 1. What is the remainder when 33 is divided by y(s)?
16
Let v(f) = 4*f**2 + 4*f + 3. Calculate the remainder when v(-3) is divided by 21/(-2)*4/(-6).
6
Suppose -3*x + s + 47 + 1 = 0, -2*s + 69 = 5*x. Suppose 3*w - 42 + x = 0. What is the remainder when 17 is divided by w?
8
Suppose -c - 3*c + 3*q = -22, -5*q + 2 = 3*c. Suppose -4*k = -k - 30. What is the remainder when c/k - 98/(-5) is divided by 11?
9
Suppose 2*m = m + 2. Suppose 2*b = 16 + m. Calculate the remainder when 16 is divided by b.
7
Let g = -115 + 165. What is the remainder when g is divided by 13?
11
Let a(c) = 2*c**2 - 3*c + 1. Let k be (-54)/24*8/(-6). What is the remainder when 28 is divided by a(k)?
8
Suppose 3*g - 3 = o - 8, 2*o = -4*g. Let f be o + 0 + (11 - -1). Let h = f + 17. What is the remainder when h is divided by 11?
9
Let o(z) = z**3 - 9*z**2 + 10*z + 6. Let a be o(8). Let h = a - 8. Calculate the remainder when 27 is divided by h.
13
Suppose 0 = -112*m + 114*m - 258. What is the remainder when m is divided by 22?
19
Suppose -5*h - 24 = -3*b, 4*b = 5*h - 2*h + 21. Suppose 2*l + n - 15 = 0, l - b*n = 6*l - 38. Calculate the remainder when (29 - -10)*(-2)/(-6) is divided by l.
6
Let p = 9 + -6. Let v = -14 + 20. What is the remainder when v is divided by p?
0
Suppose 2*r - 2*z = 3*r - 35, 5*z - 106 = -3*r. Let x = -35 + 191. Calculate the remainder when r is divided by x/(-8)*(-4)/6.
11
Let s = 5 + 24. Let u = s - 13. What is the remainder when u is divided by 9?
7
Suppose -g + 5*w + 20 = 0, -g + w = g - 31. Calculate the remainder when 28 is divided by g.
13
Let f(q) = -q**3 - 4*q**2 + 7*q - 4. Let d be 6/9*27/(-3). Calculate the remainder when f(d) is divided by 9.
8
Let s(l) = l**2 - l - 6. Let d be 38/14 - (-4)/14. Suppose -d*m - 40 = -8*m. Calculate the remainder when s(5) is divided by m.
6
Suppose -2*l + 6 = -l. Let c(n) = -n**2 + 3*n. Let q be c(l). Calculate the remainder when (-10)/(-25) - q/5 is divided by 3.
1
Calculate the remainder when (-6 + -1)*(-2)/7 is divided by (-1 - -2)/(1/2).
0
Let i = -99 + 170. Calcul